is the units digit of m?
7
Let a = 89 + -44. What is the tens digit of a?
4
Let c(h) = -h + 4. What is the units digit of c(1)?
3
Let x(q) = 12*q - 33. What is the units digit of x(15)?
7
Suppose -2*j = 4 - 0. Let p = 17 - j. What is the units digit of p?
9
Let a(t) = -t**3 - 26*t**2 - 8*t + 22. What is the hundreds digit of a(-26)?
2
Let s(o) = 34*o**2 + o. What is the tens digit of s(-1)?
3
Suppose 30*b = 26*b + 256. What is the tens digit of b?
6
Let b(q) = -q + 3. Let n be b(3). Let c(p) = -p**2 + p + 1. What is the units digit of c(n)?
1
Let x(i) = i**3 - 21*i**2 + 21*i - 4. What is the tens digit of x(20)?
1
What is the tens digit of -1 - (24*-5 - 4)?
2
Let r = 77 + 0. What is the tens digit of r?
7
Suppose 0*p - 24 = -4*p. Let v be (-12)/(-8)*16/p. Suppose 3*m = -v + 19. What is the units digit of m?
5
Suppose 2*k + 4*m - 47 - 21 = 0, 0 = -4*k + 2*m + 116. Suppose -5*n - z + 128 = 0, -3*n + 2*z + k = -2*n. What is the tens digit of n?
2
Let s(z) = -4 + 2*z - 7*z + z. What is the units digit of s(-3)?
8
Suppose -4*l + 24 = -3*r + l, 3*r - 2*l = -15. Let s = r + 7. What is the units digit of s?
4
What is the tens digit of 77/7*(3 - 2)?
1
Let t = 1 - -14. Let a = 21 - t. What is the units digit of a?
6
Let i(v) = v**3 - v + 2. Suppose 0*u = u - 2. Let x be i(u). Let d(y) = y**2 - 7*y - 1. What is the units digit of d(x)?
7
Suppose 0*u = -4*u + 8. Suppose -5*j + 41 = -a - 25, a = -u*j + 32. What is the units digit of j?
4
Let v(r) = r**2 + r - 1. What is the units digit of v(5)?
9
Let m(w) = 3*w**2 - w + 5*w**2 + w. What is the units digit of m(-1)?
8
Suppose g - 4*g = 0. Suppose g = -4*a + 4*r + 164, 0*r + 202 = 5*a - 4*r. What is the tens digit of a?
3
Suppose -5 = -4*p + 95. Suppose p + 26 = 3*z. What is the units digit of z?
7
Let h = -90 + 183. What is the tens digit of h?
9
Let j(x) = -x**2 + 5*x - 3. Let i be j(5). Let z be (i/6)/((-3)/6). Let c = z + 3. What is the units digit of c?
4
What is the units digit of -2 + 52 + 4/(0 + -4)?
9
Suppose -3*i + 1 + 8 = -3*k, 5*i = k + 27. Let c(s) = s**3 - 4*s**2 - 4*s - 3. Let a be c(i). Let n = a - 31. What is the tens digit of n?
1
Suppose 3*o + 57 = -3*j - 0*o, -2*o - 4 = 0. Let i be (-2)/10 + 704/(-80). Let c = i - j. What is the units digit of c?
8
Let y be 2/(-2) + -1 + 21. Let o = 13 - y. What is the units digit of (14/o)/((-2)/6)?
7
What is the units digit of (-32)/12*(1 + -7)?
6
Let c = 7 + 1. Suppose 0*p - c = -4*p. Suppose 4*a - 28 = -3*h - a, p*a = -3*h + 31. What is the units digit of h?
1
Let w = 16 - 34. Let q = -4 - w. What is the units digit of q?
4
Let d(j) = -j**3 + 6*j**2 + j - 1. Let p be d(6). Suppose 3*y = -1 + 7. Suppose 21 = p*w - y*w. What is the units digit of w?
7
Let i(m) = m**3 + 7*m**2 + 8*m + 3. Let d be i(-5). Suppose h - 48 = -2*j, 2*h - d = -j + 5. What is the tens digit of j?
2
Let v = -69 + 159. What is the units digit of v?
0
Suppose -93 = -c - 3. Let y = -61 + c. What is the units digit of y?
9
Let j = -121 - -315. What is the hundreds digit of j?
1
Let c(k) be the first derivative of k**3/3 - k**2 + 4*k + 5. Let z = 6 + -3. What is the units digit of c(z)?
7
Let o(w) = -w**3 - w**2 + 0 - 2*w**3 + 0. What is the units digit of o(-1)?
2
What is the units digit of -6*1*(-6 - -3)?
8
Suppose 0 = j + 4*f + 13, 2*f = -0*j + j - 11. What is the units digit of j?
3
Let a be (9/(-2))/(2/(-4)). What is the tens digit of 3*(0 + 30/a)?
1
What is the units digit of 3 - 316/(-10) - (-3)/(-5)?
4
What is the tens digit of ((-5)/((-20)/396))/1?
9
Let f = 0 - -2. Suppose 5*m = 4*a + 24, -4*a + f*m + 19 = -5*a. Let s = 16 + a. What is the units digit of s?
5
Suppose 0*f + 8 = -2*f. Let j = f + 4. Let y(t) = -t + 14. What is the tens digit of y(j)?
1
Let n(r) = 8*r + 32. What is the tens digit of n(8)?
9
Let a(q) = 2*q**2 + 9*q + 3. Let f(g) = g**2 + 6*g + 3. Let s be f(-3). What is the tens digit of a(s)?
2
Suppose -5*l + 4 = -j - 1, 4*l - 2*j = 4. Let s(d) = d**2 - 2*d - 1. Let o be s(2). Let b = l - o. What is the units digit of b?
2
Suppose 0 = -7*i + 389 + 430. What is the tens digit of i?
1
Let g(k) = 4*k**2 + 8*k + 2. What is the units digit of g(8)?
2
Let l(k) be the second derivative of -2*k**3/3 - 7*k**2/2 - k. What is the tens digit of l(-5)?
1
Let c = 21 - 13. Suppose -6*x + 2*x = -c. Let t(j) = -j**3 + 2*j**2 + 3*j - 2. What is the units digit of t(x)?
4
Suppose 0 = 4*o - 3*d - d - 80, -2*o + d + 36 = 0. What is the units digit of o?
6
Suppose 4*c - f + 1 = 3, -3*c = -3*f + 3. Let i = c - -6. Let l(b) = -b**2 + 7*b + 1. What is the units digit of l(i)?
1
Let a(b) = -b**3 - 9*b**2 + b + 10. Suppose 0 = 4*d + d. Let z be (-10 - d) + (-7)/(-7). What is the units digit of a(z)?
1
Let w(n) = -n**3 + 4*n**2 - 3*n - 2. Let k be w(2). Let m(s) = -4*s. Let f be m(-1). Suppose 0 = -f*a - k*a + 24. What is the units digit of a?
6
Let n be -5*-1*(-2)/(-2). Let v = 8 - n. Suppose 23 + 4 = v*p. What is the units digit of p?
9
Suppose -q + 6*q = -10. Let t = q - -2. Suppose t = -3*b - 4*h + 23, -5*b + 41 = 3*h + h. What is the units digit of b?
9
Let m(p) = p**2 + 2*p + 2. Let l be m(-3). Suppose -50 = -l*k - 0*k. What is the units digit of k?
0
Let i(h) = -h**2 + 11*h - 10. Let q be i(10). Suppose 2*j + 3*j + 3*m - 52 = q, -4*j + 20 = -3*m. What is the units digit of j?
8
Suppose -3*l = 12 + 9. Let s be 2 + l/(-2)*2. What is the units digit of ((-24)/s)/((-2)/3)?
4
Let m be ((-4)/(-10))/(2/(-10)). Let u be (18/(-8))/(3/12). Let p = m - u. What is the units digit of p?
7
What is the units digit of (194/4)/((-4)/192*-8)?
1
Let n(o) = o**3 + 5*o**2 - o - 2. Let z be n(-5). Suppose y + 5*x + 2 = -z, 0 = -3*x - 6. What is the tens digit of 120/9 - y/15?
1
Suppose -5*j + 663 = 8. What is the hundreds digit of j?
1
Suppose 104 = 3*a + 4*l, 9*a = 4*a + 2*l + 182. What is the units digit of a?
6
Let z(f) = 2*f**3 - 5*f**2 + 6*f - 8. What is the tens digit of z(4)?
6
Let f(j) be the second derivative of -7*j**3/6 - j**2/2 - 2*j. Let x be (-2)/(-6) + (-4)/3. What is the units digit of f(x)?
6
Suppose 2*r + 6 = r. Let f = 39 - r. Suppose -4*b = y - 11, -b - f = -6*b + 5*y. What is the units digit of b?
4
Suppose -3*p + 0*p = -60. Suppose 5 = 3*s + 47. Let q = p + s. What is the units digit of q?
6
Suppose 0 = o + 5*q + 7, 0 = -3*o + 2*q + 3*q + 19. Suppose 0 = -o*z + 63 - 0. What is the units digit of z?
1
Suppose -7*t = -5*t - 58. What is the tens digit of t?
2
Suppose 4*j = 5*m - 402 + 18, 2*j + 230 = 3*m. What is the units digit of m?
6
Let j = -22 - -26. Let f = 16 + j. What is the tens digit of f?
2
Let m be 5*2/5*1. Suppose -m*y + 6*y = 124. What is the tens digit of y?
3
Let p = 1 - -7. What is the units digit of p?
8
What is the units digit of ((-3)/(-2))/(6/224)?
6
Suppose 4 = 4*w + 5*k + 22, 0 = -3*w - 2*k - 10. What is the units digit of 5*78/(-20)*w?
9
Let f = -67 + 122. What is the units digit of f?
5
Suppose g = 5*g + 8. What is the tens digit of (-15)/g*8/4?
1
Let j(i) = i**2 + 6*i. Let w be j(-6). Suppose -u + 3*p = -6, -10 = u - 5*u + 5*p. Suppose u = -a - w + 11. What is the tens digit of a?
1
Suppose 18 = -6*c + 3*c. What is the units digit of c/(-2)*(-5)/(-3)?
5
Let k = 3 - -2. Let h(f) = -f + 6 + 5*f**2 - 6*f**3 + 0*f + k*f**3. What is the units digit of h(5)?
1
Suppose -4*r + 8 = -0*r, 5*r - 75 = z. Let k = -42 - z. What is the units digit of k?
3
Let n = -45 + 240. What is the hundreds digit of n?
1
Let f be (-3)/(3/(-12)*6). Suppose 3 + 3 = -f*g, 4*g = 2*r - 60. What is the units digit of r?
4
Let t(o) = -o**3 - 7*o**2 - 4*o + 5. What is the tens digit of t(-7)?
3
Let l be (-4)/(-14) - 2/7. Suppose l = v - 10 + 1. What is the units digit of v?
9
Let t(h) = 66*h. What is the tens digit of t(1)?
6
Let m = 5 + -2. Suppose -22 - 2 = -3*g - m*s, -17 = -4*g - s. What is the units digit of g?
3
Let x(f) = -f + 15. Let p be x(11). What is the units digit of ((-24)/(-18))/(p/66)?
2
Suppose 3*q = 2*l + 9, 2*q = 3*l - 4*l - 15. Let v = 19 - l. What is the units digit of v?
8
Let d = 146 + -118. What is the units digit of d?
8
Let q = 4 + 2. Let l(v) = 2*v - 6 - 2*v - q*v. What is the tens digit of l(-4)?
1
Let h be -9 - (2 - 6 - -3). Let k = 25 + h. What is the tens digit of k?
1
Let r = 7 - 4. Suppose x - r = -6. Let v(s) = 2*s**2 + 2*s - 2. What is the units digit of 